-17) a prime number?
True
Suppose 176*k - 2135914 = -4*s + 178*k, -s + 533966 = -3*k. Is s a prime number?
False
Let g = -223 - -230. Suppose g*d + 3*d = 15410. Is d prime?
False
Let d be 14909 - 27 - (-1 + (-6)/2). Suppose d = -11*g + 50273. Is g a composite number?
False
Let d = -42733 + 289527. Is d a prime number?
False
Let f = 94 + -59. Suppose 2*l + f = 7*l - 3*r, -r + 7 = 3*l. Is (1/(-2))/(3*l/(-7608)) composite?
False
Is 728/546*(-662034)/(-8) composite?
False
Let t(g) = 5*g**2 + 5*g - 33. Let p(l) = 9*l - 59. Let c be p(5). Is t(c) prime?
True
Let q(n) = -344*n**3 - 6. Let s be q(-3). Let y = s + -4055. Is y prime?
True
Let q(b) = 107*b**3 + 16*b**2 + 112*b - 8. Is q(11) a composite number?
False
Suppose 0 = 8*j - 3*j + 235. Let g = j - -64. Let w(v) = v**3 - 14*v**2 + 4*v - 18. Is w(g) a composite number?
True
Let h be 5*(2 - 6)/4 + 22. Suppose 5*n - 61094 = -h*n. Is n prime?
True
Let k(h) = -17 + 10 - 8*h + 3. Let z be k(-1). Suppose -z + 34 = 2*s + f, f = -3*s + 44. Is s composite?
True
Let p be ((-362)/5 + 4)*-30. Suppose 4*b - p = 6024. Is b a composite number?
True
Let p = -4847 + 2748. Let a = 3660 + p. Is a a composite number?
True
Let u(h) = h - 21. Let f be u(21). Suppose -8*a = -f*a. Suppose 0 = -a*m - 3*m + 285. Is m composite?
True
Let o = 8847 - 5070. Is o*((-4)/(-18))/(26/39) composite?
False
Suppose -1149996 - 305226 = -342*a + 336*a. Is a prime?
False
Let c(a) = -142*a**3 + a**2 + 5*a + 1. Let v be c(-3). Let y = 6972 - v. Is y a composite number?
True
Let i(j) = -706*j**3 - 28*j**2 - j - 1. Is i(-6) prime?
False
Let c(k) = 126*k + 19. Suppose -31*h = -37*h + 42. Is c(h) a prime number?
False
Let p(a) be the first derivative of -527*a**2/2 - 19*a + 47. Is p(-8) a composite number?
True
Let j(l) be the third derivative of l**6/60 - l**5/20 - l**4/24 - 11*l**3/6 + 128*l**2. Is j(5) composite?
True
Let v = -459565 + 671604. Is v composite?
False
Suppose 63901 + 253074 = 25*o. Is o a prime number?
False
Suppose -3*x = 2095 + 191. Is ((-70)/(-84))/((-1)/x) a prime number?
False
Is 1*(-11 + 404176/4) prime?
False
Suppose -127*h + 123*h = -8. Is (-102756)/(-8)*h*8/24 a prime number?
True
Suppose -6 = -3*c + c, 2*k + 4*c + 34 = 0. Let f = k + 28. Suppose f*p + p - 2694 = 0. Is p prime?
True
Let t = -212024 - -355017. Is t a composite number?
False
Let z(c) = 451*c - 353. Let l be z(15). Let v = l + -2421. Is v prime?
False
Let y(g) = 50*g - 2. Let h be y(1). Suppose -17*q = -14*q - h. Suppose 0 = -2*b + 4*j + 296, -q = 4*j - 4. Is b composite?
True
Let f(v) = -2025*v + 43. Let s be f(11). Let o = -6927 - s. Is o composite?
True
Is 30/(-5)*220551/(-18) composite?
False
Suppose -l - 47 = -5*h, 0 = 5*l + 17 - 7. Let s(x) = -16*x + 49 - 5 + 8*x + 7*x**2 + 2*x. Is s(h) a prime number?
True
Let p be 8/2*(-1)/(-2)*1. Suppose 4*t + 22 = 5*s, -t = -4*s + p*t + 17. Suppose s*m = -10, -2*m - 1455 - 808 = -3*f. Is f composite?
False
Suppose -3*g - 4*i + 3*i = -10, 0 = g - 2*i - 15. Suppose x = 4*r + 4651, g*x + 2*r - 23321 = -0*r. Is x a composite number?
False
Let j(k) = 3714*k**3 + k**2 + k - 1. Let u be j(1). Suppose -3*m + u = -b - 8125, 0 = m - b - 3950. Suppose 4*y - m = 251. Is y a prime number?
True
Let m(y) be the third derivative of y**6/60 - 17*y**5/60 + y**4/2 - 22*y**3/3 - 2*y**2 - 24*y. Is m(15) a prime number?
True
Suppose -2*g - x = 3*g + 22973, 4*x = g + 4582. Let u = -1229 - g. Is u prime?
False
Suppose 39*w = 60*w - 23*w + 1182362. Is w composite?
False
Let j(u) = 10335*u + 4259. Is j(42) composite?
False
Let s be 1722/28*(-1906)/(-3). Suppose 6*g = s - 2347. Is g composite?
False
Suppose -43*j = -59*j + 396688. Is j composite?
False
Let l = -172 - -176. Suppose 5*a = -5*c + 33085, -5*c = l*a - 8*a + 26486. Is a composite?
False
Let u(d) = 190497*d - 119. Is u(1) composite?
True
Let a(h) = 1354*h + 89. Let o(u) = u + 20. Let y be o(-12). Is a(y) a prime number?
False
Suppose 0 = 159*y - 3431161 - 162716. Is y composite?
True
Let v(j) = -10*j**2 + 19*j + 7. Let r be v(6). Let m = -82 - r. Is m a composite number?
False
Let w(y) be the third derivative of y**6/40 + y**5/15 + y**4/6 + y**3 - 11*y**2 - 2. Suppose l - 8 = -1. Is w(l) a composite number?
False
Let d(y) = 32*y**2 - 383*y - 206. Is d(-43) composite?
False
Let o(n) = 1283*n - 31 - 201*n + 1562*n - 40. Is o(8) composite?
True
Let k(s) = -89*s**3 - 2*s**2 + 271*s - 33. Is k(-17) composite?
True
Let o(a) = -259*a + 50. Let t be o(-8). Suppose -t - 1865 = -3*l. Is l a prime number?
False
Let w be 7 - 6 - 14760/(-4). Let h = -2398 + w. Is h a composite number?
True
Suppose -14*b + 115017 = 7*b. Suppose -3*r + 19330 = 2*c + b, r - c = 4626. Is r a composite number?
False
Let i = 722 - 723. Is (i + 0)*(-1412 + (14 - 13)) a composite number?
True
Suppose -5*u - 74 = -74. Is 6518 + -15 - u/1 prime?
False
Suppose -1 = 3*t - 4. Is (1350 + 6 - -5)/t a prime number?
True
Suppose 3*m + w - 869289 = 0, -4*m + 5*w = -881432 - 277582. Is m a composite number?
True
Suppose 395*m - 461619 = 393*m - f, 2*m - 5*f = 461613. Is m prime?
False
Suppose -20318 = -22*t - 1222. Let c = t - -339. Is c a prime number?
False
Let s be (-10)/(-70) + (-27)/(-7). Is ((-44)/(-55))/(s/710) prime?
False
Suppose -2*w + 5*n + 335697 = 0, -17*w - 839290 = -22*w + 3*n. Is w a composite number?
False
Suppose 5606*p + 87640581 = 5693*p. Is p a prime number?
False
Let n = 14319 + 12934. Is n a composite number?
False
Let d(t) = 100*t - 188. Let w be d(16). Let h = w + 30057. Is h composite?
False
Is 4*(-264954)/(-60) - 14/(-35) - 7 composite?
False
Let j(t) = 48109*t**2 - 70*t - 70. Is j(-1) a composite number?
False
Is (4 - 0) + 18271752/192 + (-9)/24 composite?
True
Let a = 5708 + 5319. Is a composite?
False
Let n be -1*-3*1 - 2. Suppose -983 + 539 = -3*j. Is n - j/(-8)*68 a prime number?
True
Let r(m) = -m**3 + 3*m**2 + 13*m - 13. Suppose -3*f + 5*f - 10 = 0. Let a be r(f). Suppose -5*k + a*c + 3907 = 0, 5*k - 6*c = -c + 3910. Is k a prime number?
False
Let i(w) = 37*w**3 + 5*w**2 + 5*w + 1. Suppose 647*p - 644*p - 18 = 0. Is i(p) prime?
False
Suppose 0*w + 5*w - 2*v - 536555 = 3*v, 0 = 4*v. Is w composite?
True
Is (-20)/6*(-204)/(-136) + 1788 composite?
False
Let d be (-6)/5*-17590*(-1 + 3). Suppose -24*a + 43488 = -d. Is a prime?
True
Suppose -2*u = -q + 456937, 2*u = 4*q - 570654 - 1257052. Is q a composite number?
False
Let v = 67 - 70. Let h be -4 + 1001 + (v - 0). Suppose 4*b - 178 - h = 0. Is b a composite number?
False
Let k(r) = r**3 + 10*r**2 - 14*r - 31. Let b be k(-11). Is (-165696)/(-144) + b/6 a composite number?
False
Let g = -31216 - -221645. Is g a prime number?
False
Let l(g) = 833*g**2 - 14*g + 36. Let f be l(4). Let y = -7957 + f. Is y composite?
False
Is (21/(-49))/((-6)/2514722) prime?
True
Suppose 4*i + 5*k - 41 = 0, 15*k + 1 = -i + 16*k. Suppose i*w + 2*j - 77386 = 0, -3*j = 3*w - 21875 - 36157. Is w composite?
True
Suppose -54*g = -49*g - 21195. Let q be -2 - (1 + 3)/(-2). Suppose -13*i + 6694 + g = q. Is i prime?
False
Let l be (1/(-1))/(-7) - (-592020)/35. Suppose 4*c + 1139 = l. Is c + -1 + -4 + 4 a composite number?
False
Let w be (-6)/5*2*(-20)/(-16). Let r be (3/9)/(w/(-18)). Is (3 + (-1704)/(-10) + r)*5 a composite number?
False
Let h = -138923 + 264586. Is h composite?
True
Suppose 5906 = 2*t + 5*m - 17388, -m = 5*t - 58281. Is t a prime number?
True
Suppose 3*o = -4*o + 140. Suppose o*i + 3602 = 17422. Is i prime?
True
Suppose 0 = v + z - 113, -v + 0*z + 116 = 2*z. Is (4/(-1))/1 - (v + -3375) a prime number?
False
Suppose 77 = 28*b - 35. Suppose 5*g - b*w = -w + 58948, 2*w - 11787 = -g. Is g a composite number?
False
Let d = -20481 - -52602. Suppose 4*w - 60594 = 2*o, -5*w + d + 43625 = o. Is w a prime number?
True
Let h = -18 + 50. Let z = h + -33. Is (205 - -5) + z*2 + 3 prime?
True
Let m be 2*((-90)/(-12))/(-15). Is m*(-6 + 11727)/(-3) composite?
False
Suppose -4*d - 5*g + 484307 = 0, 3*d - 5*g = -3*g + 363213. Is d a prime number?
False
Let q(i) = -238*i**3 + 3*i**2 - 30*i - 78. Is q(-5) composite?
True
Suppose -23*a + 52*a + 10705741 - 31530902 = 0. Is a a composite number?
True
Suppose -9*r + 462773 = 4*t - 8*r, 0 = r - 1. Is t a composite number?
False
Suppose 0 = -5*n - 14 + 274. Suppose -n*p = -56*p + 12. Suppose -11*w + 1528 = -p*w. Is w prime?
True
Supp